{"id":1336,"date":"2026-03-14T02:12:41","date_gmt":"2026-03-14T02:12:41","guid":{"rendered":"https:\/\/vattunongnghiep.store\/?post_type=product&#038;p=1336"},"modified":"2026-03-14T02:12:41","modified_gmt":"2026-03-14T02:12:41","slug":"gia-the-xo-dua-trong-lan-tribat-tui-300g","status":"publish","type":"product","link":"https:\/\/vattunongnghiep.store\/index.php\/san-pham\/gia-the-xo-dua-trong-lan-tribat-tui-300g\/","title":{"rendered":"Gi\u00e1 th\u1ec3 x\u01a1 d\u1eeba tr\u1ed3ng lan Tribat (T\u00fai 300g) \u2013 Gi\u00fap gi\u1eef \u1ea9m v\u00e0 th\u00f4ng tho\u00e1ng cho r\u1ec5 lan"},"content":{"rendered":"<p><span style=\"color: #000000; font-family: arial, helvetica, sans-serif;\"><strong data-start=\"0\" data-end=\"35\" data-is-only-node=\"\">Gi\u00e1 th\u1ec3 x\u01a1 d\u1eeba tr\u1ed3ng lan Tribat<\/strong> \u0111\u01b0\u1ee3c nhi\u1ec1u ng\u01b0\u1eddi ch\u01a1i lan tin d\u00f9ng nh\u1edd kh\u1ea3 n\u0103ng t\u1ea1o m\u00f4i tr\u01b0\u1eddng sinh tr\u01b0\u1edfng \u1ed5n \u0111\u1ecbnh v\u00e0 s\u1ea1ch cho b\u1ed9 r\u1ec5. X\u01a1 d\u1eeba \u0111\u00e3 qua quy tr\u00ecnh x\u1eed l\u00fd k\u1ef9 l\u01b0\u1ee1ng gi\u00fap lo\u1ea1i b\u1ecf ch\u1ea5t ch\u00e1t, gi\u1ea3m \u0111\u1ed9 m\u1eb7n v\u00e0 h\u1ea1n ch\u1ebf n\u1ea5m b\u1ec7nh g\u00e2y h\u1ea1i cho c\u00e2y. K\u1ebft c\u1ea5u s\u1ee3i d\u1eeba nh\u1eb9, t\u01a1i v\u00e0 tho\u00e1ng kh\u00ed gi\u00fap r\u1ec5 lan d\u1ec5 d\u00e0ng b\u00e1m ch\u1eb7t, ph\u00e1t tri\u1ec3n nhanh v\u00e0 h\u1ea1n ch\u1ebf th\u1ed1i r\u1ec5. \u0110\u1ed3ng th\u1eddi, gi\u00e1 th\u1ec3 c\u00f2n c\u00f3 kh\u1ea3 n\u0103ng gi\u1eef \u1ea9m v\u1eeba ph\u1ea3i, gi\u00fap c\u00e2y lu\u00f4n \u0111\u1ee7 n\u01b0\u1edbc m\u00e0 kh\u00f4ng b\u1ecb b\u00ed r\u1ec5. Khi s\u1eed d\u1ee5ng x\u01a1 d\u1eeba Tribat, c\u00e2y lan sinh tr\u01b0\u1edfng kh\u1ecfe, l\u00e1 xanh d\u00e0y v\u00e0 t\u0103ng kh\u1ea3 n\u0103ng h\u1ea5p thu dinh d\u01b0\u1ee1ng. \u0110\u00e2y l\u00e0 lo\u1ea1i gi\u00e1 th\u1ec3 ph\u00f9 h\u1ee3p cho nhi\u1ec1u gi\u1ed1ng lan ph\u1ed5 bi\u1ebfn, \u0111\u1eb7c bi\u1ec7t h\u1eefu \u00edch khi tr\u1ed3ng m\u1edbi ho\u1eb7c thay ch\u1eadu cho lan.<\/span><\/p>\n<h2 data-section-id=\"1fp6kln\" data-start=\"748\" data-end=\"797\"><span style=\"color: #000000; font-family: arial, helvetica, sans-serif;\">Th\u00e0nh ph\u1ea7n c\u1ee7a gi\u00e1 th\u1ec3 x\u01a1 d\u1eeba tr\u1ed3ng lan Tribat<\/span><\/h2>\n<h3 data-section-id=\"jc8cek\" data-start=\"799\" data-end=\"833\"><span style=\"color: #000000; font-family: arial, helvetica, sans-serif;\">X\u01a1 d\u1eeba t\u1ef1 nhi\u00ean \u0111\u00e3 qua x\u1eed l\u00fd<\/span><\/h3>\n<p data-start=\"834\" data-end=\"1214\"><span style=\"color: #000000; font-family: arial, helvetica, sans-serif;\">Th\u00e0nh ph\u1ea7n ch\u00ednh c\u1ee7a s\u1ea3n ph\u1ea9m l\u00e0 x\u01a1 d\u1eeba \u0111\u01b0\u1ee3c tuy\u1ec3n ch\u1ecdn t\u1eeb ngu\u1ed3n nguy\u00ean li\u1ec7u t\u1ef1 nhi\u00ean v\u00e0 tr\u1ea3i qua qu\u00e1 tr\u00ecnh x\u1eed l\u00fd nh\u1eb1m lo\u1ea1i b\u1ecf t\u1ea1p ch\u1ea5t c\u0169ng nh\u01b0 gi\u1ea3m l\u01b0\u1ee3ng tannin c\u00f3 trong x\u01a1 d\u1eeba th\u00f4. Nh\u1edd v\u1eady, gi\u00e1 th\u1ec3 tr\u1edf n\u00ean an to\u00e0n h\u01a1n cho b\u1ed9 r\u1ec5 non c\u1ee7a c\u00e2y lan. C\u00e1c s\u1ee3i x\u01a1 d\u1eeba \u0111\u01b0\u1ee3c c\u1eaft v\u00e0 x\u1eed l\u00fd \u1edf k\u00edch th\u01b0\u1edbc ph\u00f9 h\u1ee3p gi\u00fap t\u0103ng kh\u1ea3 n\u0103ng gi\u1eef \u1ea9m nh\u01b0ng v\u1eabn \u0111\u1ea3m b\u1ea3o \u0111\u1ed9 th\u00f4ng tho\u00e1ng cho r\u1ec5 ph\u00e1t tri\u1ec3n.<\/span><\/p>\n<figure id=\"attachment_1338\" aria-describedby=\"caption-attachment-1338\" style=\"width: 900px\" class=\"wp-caption aligncenter\"><img loading=\"lazy\" decoding=\"async\" class=\"wp-image-1338 size-full\" src=\"http:\/\/vattunongnghiep.store\/wp-content\/uploads\/2026\/03\/thanh-phan-gia-the-xo-dua-trong-lan-tribat-e1773454243338.jpg\" alt=\"\" width=\"900\" height=\"717\" srcset=\"https:\/\/vattunongnghiep.store\/wp-content\/uploads\/2026\/03\/thanh-phan-gia-the-xo-dua-trong-lan-tribat-e1773454243338.jpg 900w, https:\/\/vattunongnghiep.store\/wp-content\/uploads\/2026\/03\/thanh-phan-gia-the-xo-dua-trong-lan-tribat-e1773454243338-300x239.jpg 300w, https:\/\/vattunongnghiep.store\/wp-content\/uploads\/2026\/03\/thanh-phan-gia-the-xo-dua-trong-lan-tribat-e1773454243338-768x612.jpg 768w, https:\/\/vattunongnghiep.store\/wp-content\/uploads\/2026\/03\/thanh-phan-gia-the-xo-dua-trong-lan-tribat-e1773454243338-600x478.jpg 600w\" sizes=\"auto, (max-width: 900px) 100vw, 900px\" \/><figcaption id=\"caption-attachment-1338\" class=\"wp-caption-text\"><\/span> <span style=\"color: #000000; font-family: arial, helvetica, sans-serif;\">Th\u00e0nh ph\u1ea7n gi\u00e1 th\u1ec3 x\u01a1 d\u1eeba tr\u1ed3ng lan Tribat<\/span><\/figcaption><\/figure>\n<h3 data-section-id=\"2qqj6b\" data-start=\"1216\" data-end=\"1243\"><span style=\"color: #000000; font-family: arial, helvetica, sans-serif;\">S\u1ee3i x\u01a1 d\u1eeba nghi\u1ec1n t\u01a1i<\/span><\/h3>\n<p data-start=\"1244\" data-end=\"1560\"><span style=\"color: #000000; font-family: arial, helvetica, sans-serif;\">Ngo\u00e0i d\u1ea1ng s\u1ee3i th\u00f4, s\u1ea3n ph\u1ea9m c\u00f2n ch\u1ee9a ph\u1ea7n x\u01a1 d\u1eeba \u0111\u01b0\u1ee3c nghi\u1ec1n nh\u1ecf nh\u1eb1m t\u0103ng kh\u1ea3 n\u0103ng gi\u1eef n\u01b0\u1edbc v\u00e0 gi\u1eef dinh d\u01b0\u1ee1ng trong ch\u1eadu tr\u1ed3ng. Th\u00e0nh ph\u1ea7n n\u00e0y gi\u00fap gi\u00e1 th\u1ec3 kh\u00f4ng b\u1ecb kh\u00f4 qu\u00e1 nhanh khi th\u1eddi ti\u1ebft n\u1eafng n\u00f3ng. \u0110\u1ed3ng th\u1eddi, l\u1edbp x\u01a1 d\u1eeba nghi\u1ec1n c\u0169ng gi\u00fap b\u1ed9 r\u1ec5 lan b\u00e1m ch\u1eafc v\u00e0 ph\u00e1t tri\u1ec3n \u0111\u1ed3ng \u0111\u1ec1u h\u01a1n trong m\u00f4i tr\u01b0\u1eddng gi\u00e1 th\u1ec3.<\/span><\/p>\n<h3 data-section-id=\"1jes0gj\" data-start=\"1562\" data-end=\"1594\"><span style=\"color: #000000; font-family: arial, helvetica, sans-serif;\">Th\u00e0nh ph\u1ea7n h\u1eefu c\u01a1 t\u1ef1 nhi\u00ean<\/span><\/h3>\n<p data-start=\"1595\" data-end=\"1871\"><span style=\"color: #000000; font-family: arial, helvetica, sans-serif;\">Gi\u00e1 th\u1ec3 x\u01a1 d\u1eeba Tribat ch\u1ee9a c\u00e1c h\u1ee3p ch\u1ea5t h\u1eefu c\u01a1 t\u1ef1 nhi\u00ean c\u00f3 trong x\u01a1 d\u1eeba, g\u00f3p ph\u1ea7n h\u1ed7 tr\u1ee3 m\u00f4i tr\u01b0\u1eddng vi sinh c\u00f3 l\u1ee3i trong ch\u1eadu tr\u1ed3ng. Nh\u1eefng h\u1ee3p ch\u1ea5t n\u00e0y gi\u00fap c\u1ea3i thi\u1ec7n c\u1ea5u tr\u00fac gi\u00e1 th\u1ec3, \u0111\u1ed3ng th\u1eddi t\u1ea1o \u0111i\u1ec1u ki\u1ec7n thu\u1eadn l\u1ee3i cho s\u1ef1 ph\u00e1t tri\u1ec3n c\u1ee7a r\u1ec5 lan trong giai \u0111o\u1ea1n sinh tr\u01b0\u1edfng.<\/span><\/p>\n<h3 data-section-id=\"r9ulgl\" data-start=\"1873\" data-end=\"1907\"><span style=\"color: #000000; font-family: arial, helvetica, sans-serif;\">\u0110\u1ed9 \u1ea9m ti\u00eau chu\u1ea9n c\u1ee7a gi\u00e1 th\u1ec3<\/span><\/h3>\n<p data-start=\"1908\" data-end=\"2160\"><span style=\"color: #000000; font-family: arial, helvetica, sans-serif;\">S\u1ea3n ph\u1ea9m \u0111\u01b0\u1ee3c ki\u1ec3m so\u00e1t \u0111\u1ed9 \u1ea9m \u1edf m\u1ee9c ph\u00f9 h\u1ee3p tr\u01b0\u1edbc khi \u0111\u00f3ng g\u00f3i nh\u1eb1m gi\u00fap ng\u01b0\u1eddi tr\u1ed3ng c\u00f3 th\u1ec3 s\u1eed d\u1ee5ng ngay m\u00e0 kh\u00f4ng c\u1ea7n x\u1eed l\u00fd qu\u00e1 nhi\u1ec1u. \u0110\u1ed9 \u1ea9m n\u00e0y gi\u00fap gi\u00e1 th\u1ec3 kh\u00f4ng b\u1ecb qu\u00e1 kh\u00f4 khi m\u1edbi m\u1edf bao v\u00e0 c\u0169ng kh\u00f4ng g\u00e2y t\u00ecnh tr\u1ea1ng \u00fang r\u1ec5 khi s\u1eed d\u1ee5ng \u0111\u00fang k\u1ef9 thu\u1eadt.<\/span><\/p>\n<h2 data-section-id=\"1i8ro9o\" data-start=\"2167\" data-end=\"2187\"><span style=\"color: #000000; font-family: arial, helvetica, sans-serif;\">\u0110\u1eb7c t\u00ednh s\u1ea3n ph\u1ea9m<\/span><\/h2>\n<h3 data-section-id=\"1j5pvn\" data-start=\"2189\" data-end=\"2227\"><span style=\"color: #000000; font-family: arial, helvetica, sans-serif;\">C\u1ea5u tr\u00fac t\u01a1i x\u1ed1p v\u00e0 th\u00f4ng tho\u00e1ng<\/span><\/h3>\n<p data-start=\"2228\" data-end=\"2547\"><span style=\"color: #000000; font-family: arial, helvetica, sans-serif;\">Gi\u00e1 th\u1ec3 x\u01a1 d\u1eeba Tribat c\u00f3 k\u1ebft c\u1ea5u s\u1ee3i t\u1ef1 nhi\u00ean gi\u00fap t\u1ea1o ra nhi\u1ec1u kho\u1ea3ng tr\u1ed1ng gi\u1eefa c\u00e1c s\u1ee3i x\u01a1. \u0110i\u1ec1u n\u00e0y gi\u00fap kh\u00f4ng kh\u00ed l\u01b0u th\u00f4ng d\u1ec5 d\u00e0ng trong ch\u1eadu tr\u1ed3ng, h\u1ea1n ch\u1ebf hi\u1ec7n t\u01b0\u1ee3ng b\u00ed r\u1ec5 th\u01b0\u1eddng g\u1eb7p khi s\u1eed d\u1ee5ng gi\u00e1 th\u1ec3 k\u00e9m ch\u1ea5t l\u01b0\u1ee3ng. Nh\u1edd \u0111\u1ed9 th\u00f4ng tho\u00e1ng t\u1ed1t, b\u1ed9 r\u1ec5 lan c\u00f3 \u0111i\u1ec1u ki\u1ec7n ph\u00e1t tri\u1ec3n kh\u1ecfe m\u1ea1nh v\u00e0 b\u00e1m ch\u1eafc v\u00e0o gi\u00e1 th\u1ec3.<\/span><\/p>\n<h3 data-section-id=\"6qbj9c\" data-start=\"2549\" data-end=\"2578\"><span style=\"color: #000000; font-family: arial, helvetica, sans-serif;\">Kh\u1ea3 n\u0103ng gi\u1eef \u1ea9m \u1ed5n \u0111\u1ecbnh<\/span><\/h3>\n<p data-start=\"2579\" data-end=\"2868\"><span style=\"color: #000000; font-family: arial, helvetica, sans-serif;\">M\u1ed9t trong nh\u1eefng \u01b0u \u0111i\u1ec3m n\u1ed5i b\u1eadt c\u1ee7a gi\u00e1 th\u1ec3 x\u01a1 d\u1eeba l\u00e0 kh\u1ea3 n\u0103ng gi\u1eef n\u01b0\u1edbc t\u1ed1t nh\u01b0ng kh\u00f4ng g\u00e2y \u1ee9 \u0111\u1ecdng. Khi t\u01b0\u1edbi n\u01b0\u1edbc, c\u00e1c s\u1ee3i x\u01a1 d\u1eeba s\u1ebd h\u1ea5p th\u1ee5 v\u00e0 gi\u1eef l\u1ea1i l\u01b0\u1ee3ng \u1ea9m c\u1ea7n thi\u1ebft cho c\u00e2y lan. Nh\u1edd v\u1eady, c\u00e2y c\u00f3 th\u1ec3 duy tr\u00ec \u0111\u1ed9 \u1ea9m \u1ed5n \u0111\u1ecbnh trong th\u1eddi gian d\u00e0i h\u01a1n so v\u1edbi nhi\u1ec1u lo\u1ea1i gi\u00e1 th\u1ec3 th\u00f4ng th\u01b0\u1eddng.<\/span><\/p>\n<h3 data-section-id=\"nnwmje\" data-start=\"2870\" data-end=\"2898\"><span style=\"color: #000000; font-family: arial, helvetica, sans-serif;\">\u0110\u1ed9 b\u1ec1n c\u1ee7a gi\u00e1 th\u1ec3 cao<\/span><\/h3>\n<p data-start=\"2899\" data-end=\"3165\"><span style=\"color: #000000; font-family: arial, helvetica, sans-serif;\">S\u1ea3n ph\u1ea9m \u0111\u01b0\u1ee3c x\u1eed l\u00fd nh\u1eb1m h\u1ea1n ch\u1ebf t\u00ecnh tr\u1ea1ng ph\u00e2n h\u1ee7y qu\u00e1 nhanh trong m\u00f4i tr\u01b0\u1eddng tr\u1ed3ng lan. \u0110i\u1ec1u n\u00e0y gi\u00fap gi\u00e1 th\u1ec3 gi\u1eef \u0111\u01b0\u1ee3c c\u1ea5u tr\u00fac \u1ed5n \u0111\u1ecbnh trong th\u1eddi gian d\u00e0i, gi\u1ea3m c\u00f4ng thay gi\u00e1 th\u1ec3 th\u01b0\u1eddng xuy\u00ean cho ng\u01b0\u1eddi tr\u1ed3ng. Nh\u1edd \u0111\u00f3, c\u00e2y lan c\u00f3 m\u00f4i tr\u01b0\u1eddng ph\u00e1t tri\u1ec3n \u1ed5n \u0111\u1ecbnh h\u01a1n.<\/span><\/p>\n<h3 data-section-id=\"svmk2e\" data-start=\"3167\" data-end=\"3200\"><span style=\"color: #000000; font-family: arial, helvetica, sans-serif;\">Ph\u00f9 h\u1ee3p v\u1edbi nhi\u1ec1u gi\u1ed1ng lan<\/span><\/h3>\n<p data-start=\"3201\" data-end=\"3434\"><span style=\"color: #000000; font-family: arial, helvetica, sans-serif;\">Gi\u00e1 th\u1ec3 x\u01a1 d\u1eeba Tribat c\u00f3 th\u1ec3 s\u1eed d\u1ee5ng cho nhi\u1ec1u lo\u1ea1i lan kh\u00e1c nhau nh\u01b0 lan dendro, lan h\u1ed3 \u0111i\u1ec7p, lan cattleya ho\u1eb7c c\u00e1c d\u00f2ng lan r\u1eebng. Kh\u1ea3 n\u0103ng th\u00edch nghi cao gi\u00fap s\u1ea3n ph\u1ea9m tr\u1edf th\u00e0nh l\u1ef1a ch\u1ecdn ph\u1ed5 bi\u1ebfn trong nhi\u1ec1u v\u01b0\u1eddn lan chuy\u00ean nghi\u1ec7p.<\/span><\/p>\n<h2 data-section-id=\"sapsgm\" data-start=\"3441\" data-end=\"3489\"><span style=\"color: #000000; font-family: arial, helvetica, sans-serif;\">C\u00f4ng d\u1ee5ng c\u1ee7a gi\u00e1 th\u1ec3 x\u01a1 d\u1eeba tr\u1ed3ng lan Tribat<\/span><\/h2>\n<figure id=\"attachment_1337\" aria-describedby=\"caption-attachment-1337\" style=\"width: 1024px\" class=\"wp-caption aligncenter\"><img loading=\"lazy\" decoding=\"async\" class=\"wp-image-1337 size-full\" src=\"http:\/\/vattunongnghiep.store\/wp-content\/uploads\/2026\/03\/cong-dung-gia-the-xo-dua-trong-lan-tribat.jpg\" alt=\"\" width=\"1024\" height=\"1024\" srcset=\"https:\/\/vattunongnghiep.store\/wp-content\/uploads\/2026\/03\/cong-dung-gia-the-xo-dua-trong-lan-tribat.jpg 1024w, https:\/\/vattunongnghiep.store\/wp-content\/uploads\/2026\/03\/cong-dung-gia-the-xo-dua-trong-lan-tribat-300x300.jpg 300w, https:\/\/vattunongnghiep.store\/wp-content\/uploads\/2026\/03\/cong-dung-gia-the-xo-dua-trong-lan-tribat-150x150.jpg 150w, https:\/\/vattunongnghiep.store\/wp-content\/uploads\/2026\/03\/cong-dung-gia-the-xo-dua-trong-lan-tribat-768x768.jpg 768w, https:\/\/vattunongnghiep.store\/wp-content\/uploads\/2026\/03\/cong-dung-gia-the-xo-dua-trong-lan-tribat-600x600.jpg 600w, https:\/\/vattunongnghiep.store\/wp-content\/uploads\/2026\/03\/cong-dung-gia-the-xo-dua-trong-lan-tribat-100x100.jpg 100w\" sizes=\"auto, (max-width: 1024px) 100vw, 1024px\" \/><figcaption id=\"caption-attachment-1337\" class=\"wp-caption-text\"><\/span> <span style=\"color: #000000; font-family: arial, helvetica, sans-serif;\">C\u00f4ng d\u1ee5ng gi\u00e1 th\u1ec3 x\u01a1 d\u1eeba tr\u1ed3ng lan Tribat<\/span><\/figcaption><\/figure>\n<h3 data-section-id=\"1rga7ci\" data-start=\"3491\" data-end=\"3542\"><span style=\"color: #000000; font-family: arial, helvetica, sans-serif;\">T\u1ea1o m\u00f4i tr\u01b0\u1eddng ph\u00e1t tri\u1ec3n l\u00fd t\u01b0\u1edfng cho r\u1ec5 lan<\/span><\/h3>\n<p data-start=\"3543\" data-end=\"3799\"><span style=\"color: #000000; font-family: arial, helvetica, sans-serif;\">Gi\u00e1 th\u1ec3 x\u01a1 d\u1eeba Tribat gi\u00fap b\u1ed9 r\u1ec5 lan c\u00f3 kh\u00f4ng gian ph\u00e1t tri\u1ec3n r\u1ed9ng r\u00e3i v\u00e0 d\u1ec5 d\u00e0ng b\u00e1m v\u00e0o gi\u00e1 th\u1ec3. Nh\u1edd c\u1ea5u tr\u00fac s\u1ee3i t\u1ef1 nhi\u00ean, r\u1ec5 lan c\u00f3 th\u1ec3 lan r\u1ed9ng v\u00e0 h\u1ea5p th\u1ee5 n\u01b0\u1edbc c\u0169ng nh\u01b0 dinh d\u01b0\u1ee1ng hi\u1ec7u qu\u1ea3 h\u01a1n. \u0110i\u1ec1u n\u00e0y g\u00f3p ph\u1ea7n th\u00fac \u0111\u1ea9y qu\u00e1 tr\u00ecnh sinh tr\u01b0\u1edfng c\u1ee7a c\u00e2y.<\/span><\/p>\n<h3 data-section-id=\"yj5xtp\" data-start=\"3801\" data-end=\"3844\"><span style=\"color: #000000; font-family: arial, helvetica, sans-serif;\">H\u1ed7 tr\u1ee3 duy tr\u00ec \u0111\u1ed9 \u1ea9m trong ch\u1eadu tr\u1ed3ng<\/span><\/h3>\n<p data-start=\"3845\" data-end=\"4079\"><span style=\"color: #000000; font-family: arial, helvetica, sans-serif;\">Nh\u1edd kh\u1ea3 n\u0103ng gi\u1eef n\u01b0\u1edbc t\u1ed1t, gi\u00e1 th\u1ec3 gi\u00fap duy tr\u00ec \u0111\u1ed9 \u1ea9m c\u1ea7n thi\u1ebft cho c\u00e2y lan trong th\u1eddi gian d\u00e0i h\u01a1n sau m\u1ed7i l\u1ea7n t\u01b0\u1edbi. \u0110i\u1ec1u n\u00e0y \u0111\u1eb7c bi\u1ec7t h\u1eefu \u00edch trong nh\u1eefng ng\u00e0y th\u1eddi ti\u1ebft kh\u00f4 n\u00f3ng ho\u1eb7c khi ng\u01b0\u1eddi tr\u1ed3ng kh\u00f4ng th\u1ec3 t\u01b0\u1edbi n\u01b0\u1edbc th\u01b0\u1eddng xuy\u00ean.<\/span><\/p>\n<h3 data-section-id=\"1i4s8rl\" data-start=\"4081\" data-end=\"4112\"><span style=\"color: #000000; font-family: arial, helvetica, sans-serif;\">H\u1ea1n ch\u1ebf t\u00ecnh tr\u1ea1ng \u00fang r\u1ec5<\/span><\/h3>\n<p data-start=\"4113\" data-end=\"4341\"><span style=\"color: #000000; font-family: arial, helvetica, sans-serif;\">M\u1eb7c d\u00f9 gi\u1eef \u1ea9m t\u1ed1t nh\u01b0ng c\u1ea5u tr\u00fac x\u01a1 d\u1eeba v\u1eabn \u0111\u1ea3m b\u1ea3o kh\u1ea3 n\u0103ng tho\u00e1t n\u01b0\u1edbc nhanh. Nh\u1edd v\u1eady, n\u01b0\u1edbc d\u01b0 th\u1eeba s\u1ebd \u0111\u01b0\u1ee3c tho\u00e1t ra kh\u1ecfi ch\u1eadu tr\u1ed3ng, h\u1ea1n ch\u1ebf nguy c\u01a1 th\u1ed1i r\u1ec5 do \u1ee9 n\u01b0\u1edbc. \u0110\u00e2y l\u00e0 y\u1ebfu t\u1ed1 quan tr\u1ecdng gi\u00fap c\u00e2y lan sinh tr\u01b0\u1edfng \u1ed5n \u0111\u1ecbnh.<\/span><\/p>\n<h3 data-section-id=\"b6op7m\" data-start=\"4343\" data-end=\"4381\"><span style=\"color: #000000; font-family: arial, helvetica, sans-serif;\">Gi\u00fap c\u00e2y lan sinh tr\u01b0\u1edfng \u1ed5n \u0111\u1ecbnh<\/span><\/h3>\n<p data-start=\"4382\" data-end=\"4632\"><span style=\"color: #000000; font-family: arial, helvetica, sans-serif;\">Khi \u0111\u01b0\u1ee3c tr\u1ed3ng trong m\u00f4i tr\u01b0\u1eddng gi\u00e1 th\u1ec3 ph\u00f9 h\u1ee3p, c\u00e2y lan s\u1ebd ph\u00e1t tri\u1ec3n kh\u1ecfe m\u1ea1nh h\u01a1n, l\u00e1 xanh v\u00e0 r\u1ec5 lan d\u00e0i kh\u1ecfe. Vi\u1ec7c s\u1eed d\u1ee5ng gi\u00e1 th\u1ec3 x\u01a1 d\u1eeba Tribat gi\u00fap c\u00e2y duy tr\u00ec \u0111i\u1ec1u ki\u1ec7n sinh tr\u01b0\u1edfng \u1ed5n \u0111\u1ecbnh, g\u00f3p ph\u1ea7n n\u00e2ng cao ch\u1ea5t l\u01b0\u1ee3ng v\u00e0 s\u1ee9c s\u1ed1ng c\u1ee7a c\u00e2y lan.<\/span><\/p>\n<h2 data-section-id=\"10srg8o\" data-start=\"4639\" data-end=\"4691\"><span style=\"color: #000000; font-family: arial, helvetica, sans-serif;\">H\u01b0\u1edbng d\u1eabn s\u1eed d\u1ee5ng gi\u00e1 th\u1ec3 x\u01a1 d\u1eeba tr\u1ed3ng lan Tribat<\/span><\/h2>\n<figure id=\"attachment_1340\" aria-describedby=\"caption-attachment-1340\" style=\"width: 1024px\" class=\"wp-caption aligncenter\"><img loading=\"lazy\" decoding=\"async\" class=\"wp-image-1340 size-full\" src=\"http:\/\/vattunongnghiep.store\/wp-content\/uploads\/2026\/03\/cach-dung-gia-the-xo-dua-trong-lan-tribat-e1773454227623.jpg\" alt=\"\" width=\"1024\" height=\"898\" srcset=\"https:\/\/vattunongnghiep.store\/wp-content\/uploads\/2026\/03\/cach-dung-gia-the-xo-dua-trong-lan-tribat-e1773454227623.jpg 1024w, https:\/\/vattunongnghiep.store\/wp-content\/uploads\/2026\/03\/cach-dung-gia-the-xo-dua-trong-lan-tribat-e1773454227623-300x263.jpg 300w, https:\/\/vattunongnghiep.store\/wp-content\/uploads\/2026\/03\/cach-dung-gia-the-xo-dua-trong-lan-tribat-e1773454227623-768x674.jpg 768w, https:\/\/vattunongnghiep.store\/wp-content\/uploads\/2026\/03\/cach-dung-gia-the-xo-dua-trong-lan-tribat-e1773454227623-600x526.jpg 600w\" sizes=\"auto, (max-width: 1024px) 100vw, 1024px\" \/><figcaption id=\"caption-attachment-1340\" class=\"wp-caption-text\"><\/span> <span style=\"color: #000000; font-family: arial, helvetica, sans-serif;\">C\u00e1ch d\u00f9ng gi\u00e1 th\u1ec3 x\u01a1 d\u1eeba tr\u1ed3ng lan Tribat<\/span><\/figcaption><\/figure>\n<h3 data-section-id=\"boxrge\" data-start=\"4693\" data-end=\"4731\"><span style=\"color: #000000; font-family: arial, helvetica, sans-serif;\">Chu\u1ea9n b\u1ecb gi\u00e1 th\u1ec3 tr\u01b0\u1edbc khi tr\u1ed3ng<\/span><\/h3>\n<p data-start=\"4732\" data-end=\"4981\"><span style=\"color: #000000; font-family: arial, helvetica, sans-serif;\">Tr\u01b0\u1edbc khi s\u1eed d\u1ee5ng, ng\u01b0\u1eddi tr\u1ed3ng c\u00f3 th\u1ec3 l\u00e0m t\u01a1i gi\u00e1 th\u1ec3 b\u1eb1ng tay \u0111\u1ec3 c\u00e1c s\u1ee3i x\u01a1 d\u1eeba t\u00e1ch \u0111\u1ec1u h\u01a1n. N\u1ebfu c\u1ea7n thi\u1ebft, c\u00f3 th\u1ec3 x\u1ea3 n\u01b0\u1edbc nh\u1eb9 \u0111\u1ec3 lo\u1ea1i b\u1ecf b\u1ee5i x\u01a1 c\u00f2n s\u00f3t l\u1ea1i. Sau \u0111\u00f3 \u0111\u1ec3 r\u00e1o tr\u01b0\u1edbc khi ti\u1ebfn h\u00e0nh tr\u1ed3ng lan nh\u1eb1m \u0111\u1ea3m b\u1ea3o m\u00f4i tr\u01b0\u1eddng gi\u00e1 th\u1ec3 th\u00f4ng tho\u00e1ng.<\/span><\/p>\n<h3 data-section-id=\"h91oj7\" data-start=\"4983\" data-end=\"5022\"><span style=\"color: #000000; font-family: arial, helvetica, sans-serif;\">C\u00e1ch tr\u1ed3ng lan v\u1edbi gi\u00e1 th\u1ec3 x\u01a1 d\u1eeba<\/span><\/h3>\n<p data-start=\"5023\" data-end=\"5251\"><span style=\"color: #000000; font-family: arial, helvetica, sans-serif;\">Cho m\u1ed9t l\u1edbp gi\u00e1 th\u1ec3 x\u01a1 d\u1eeba v\u00e0o \u0111\u00e1y ch\u1eadu \u0111\u1ec3 t\u1ea1o l\u1edbp \u0111\u1ec7m gi\u00fap tho\u00e1t n\u01b0\u1edbc t\u1ed1t h\u01a1n. Sau \u0111\u00f3 \u0111\u1eb7t c\u00e2y lan v\u00e0o v\u1ecb tr\u00ed trung t\u00e2m v\u00e0 ti\u1ebfp t\u1ee5c b\u1ed5 sung gi\u00e1 th\u1ec3 xung quanh b\u1ed9 r\u1ec5. L\u01b0u \u00fd kh\u00f4ng n\u00e9n qu\u00e1 ch\u1eb7t \u0111\u1ec3 r\u1ec5 lan c\u00f3 kho\u1ea3ng tr\u1ed1ng ph\u00e1t tri\u1ec3n.<\/span><\/p>\n<h3 data-section-id=\"1ra4mep\" data-start=\"5253\" data-end=\"5281\"><span style=\"color: #000000; font-family: arial, helvetica, sans-serif;\">Ch\u0103m s\u00f3c sau khi tr\u1ed3ng<\/span><\/h3>\n<p data-start=\"5282\" data-end=\"5553\"><span style=\"color: #000000; font-family: arial, helvetica, sans-serif;\">Sau khi tr\u1ed3ng, ti\u1ebfn h\u00e0nh t\u01b0\u1edbi n\u01b0\u1edbc nh\u1eb9 \u0111\u1ec3 gi\u00fap gi\u00e1 th\u1ec3 \u1ed5n \u0111\u1ecbnh v\u1ecb tr\u00ed trong ch\u1eadu. \u0110\u1eb7t c\u00e2y \u1edf n\u01a1i c\u00f3 \u00e1nh s\u00e1ng ph\u00f9 h\u1ee3p v\u00e0 th\u00f4ng tho\u00e1ng \u0111\u1ec3 c\u00e2y nhanh ch\u00f3ng th\u00edch nghi v\u1edbi m\u00f4i tr\u01b0\u1eddng m\u1edbi. Trong th\u1eddi gian \u0111\u1ea7u, n\u00ean theo d\u00f5i \u0111\u1ed9 \u1ea9m c\u1ee7a gi\u00e1 th\u1ec3 \u0111\u1ec3 \u0111i\u1ec1u ch\u1ec9nh l\u01b0\u1ee3ng n\u01b0\u1edbc t\u01b0\u1edbi h\u1ee3p l\u00fd.<\/span><\/p>\n<h3 data-section-id=\"oxm7yu\" data-start=\"5555\" data-end=\"5581\"><span style=\"color: #000000; font-family: arial, helvetica, sans-serif;\">Thay gi\u00e1 th\u1ec3 \u0111\u1ecbnh k\u1ef3<\/span><\/h3>\n<p data-start=\"5582\" data-end=\"5866\" data-is-last-node=\"\" data-is-only-node=\"\"><span style=\"color: #000000; font-family: arial, helvetica, sans-serif;\">Sau m\u1ed9t th\u1eddi gian s\u1eed d\u1ee5ng, gi\u00e1 th\u1ec3 c\u00f3 th\u1ec3 b\u1ecb ph\u00e2n h\u1ee7y d\u1ea7n v\u00e0 gi\u1ea3m \u0111\u1ed9 t\u01a1i x\u1ed1p. Khi nh\u1eadn th\u1ea5y gi\u00e1 th\u1ec3 b\u1eaft \u0111\u1ea7u m\u1ee5c ho\u1eb7c gi\u1eef n\u01b0\u1edbc qu\u00e1 l\u00e2u, ng\u01b0\u1eddi tr\u1ed3ng n\u00ean thay gi\u00e1 th\u1ec3 m\u1edbi \u0111\u1ec3 \u0111\u1ea3m b\u1ea3o m\u00f4i tr\u01b0\u1eddng sinh tr\u01b0\u1edfng t\u1ed1t nh\u1ea5t cho c\u00e2y lan. \u0110i\u1ec1u n\u00e0y gi\u00fap duy tr\u00ec s\u1ee9c kh\u1ecfe v\u00e0 t\u1ed1c \u0111\u1ed9 ph\u00e1t tri\u1ec3n c\u1ee7a c\u00e2y.<\/span><\/p>\n","protected":false},"excerpt":{"rendered":"<p>Gi\u00e1 th\u1ec3 x\u01a1 d\u1eeba tr\u1ed3ng lan Tribat \u0111\u01b0\u1ee3c nhi\u1ec1u ng\u01b0\u1eddi ch\u01a1i lan tin d\u00f9ng nh\u1edd kh\u1ea3 n\u0103ng t\u1ea1o m\u00f4i tr\u01b0\u1eddng sinh tr\u01b0\u1edfng \u1ed5n \u0111\u1ecbnh v\u00e0 s\u1ea1ch cho b\u1ed9 r\u1ec5. X\u01a1 d\u1eeba \u0111\u00e3 qua quy tr\u00ecnh x\u1eed l\u00fd k\u1ef9 l\u01b0\u1ee1ng gi\u00fap lo\u1ea1i b\u1ecf ch\u1ea5t ch\u00e1t, gi\u1ea3m \u0111\u1ed9 m\u1eb7n v\u00e0 h\u1ea1n ch\u1ebf n\u1ea5m b\u1ec7nh g\u00e2y h\u1ea1i cho [&#8230;]\n","protected":false},"featured_media":1339,"comment_status":"open","ping_status":"closed","template":"","meta":[],"product_brand":[],"product_cat":[60],"product_tag":[],"class_list":{"0":"post-1336","1":"product","2":"type-product","3":"status-publish","4":"has-post-thumbnail","6":"product_cat-gia-the-trong-lan","8":"first","9":"instock","10":"shipping-taxable","11":"purchasable","12":"product-type-simple"},"jetpack_sharing_enabled":true,"_links":{"self":[{"href":"https:\/\/vattunongnghiep.store\/index.php\/wp-json\/wp\/v2\/product\/1336","targetHints":{"allow":["GET"]}}],"collection":[{"href":"https:\/\/vattunongnghiep.store\/index.php\/wp-json\/wp\/v2\/product"}],"about":[{"href":"https:\/\/vattunongnghiep.store\/index.php\/wp-json\/wp\/v2\/types\/product"}],"replies":[{"embeddable":true,"href":"https:\/\/vattunongnghiep.store\/index.php\/wp-json\/wp\/v2\/comments?post=1336"}],"wp:featuredmedia":[{"embeddable":true,"href":"https:\/\/vattunongnghiep.store\/index.php\/wp-json\/wp\/v2\/media\/1339"}],"wp:attachment":[{"href":"https:\/\/vattunongnghiep.store\/index.php\/wp-json\/wp\/v2\/media?parent=1336"}],"wp:term":[{"taxonomy":"product_brand","embeddable":true,"href":"https:\/\/vattunongnghiep.store\/index.php\/wp-json\/wp\/v2\/product_brand?post=1336"},{"taxonomy":"product_cat","embeddable":true,"href":"https:\/\/vattunongnghiep.store\/index.php\/wp-json\/wp\/v2\/product_cat?post=1336"},{"taxonomy":"product_tag","embeddable":true,"href":"https:\/\/vattunongnghiep.store\/index.php\/wp-json\/wp\/v2\/product_tag?post=1336"}],"curies":[{"name":"wp","href":"https:\/\/api.w.org\/{rel}","templated":true}]}}